Let l(n) = -723*n - 161. Is l(-26) composite?
False
Suppose -2*v = -2*b + 4, -b - 2 = 3*v - 3*b. Let c(n) = 11*n - 7 - 3*n**v - 5 + 23 + 4*n**2. Is c(9) a composite number?
False
Let g(u) = 2457*u**2 - 3*u + 13. Is g(3) prime?
False
Let j(t) = 2*t - 11. Let w be j(12). Suppose w*y = 8*y + 970. Is y a composite number?
True
Suppose -d + 12 - 12985 = -4*x, 5*x = -2*d + 16200. Is x prime?
False
Let b be (0 + (2 - 1) + 3)*-34. Suppose -4*k + 598 + 838 = 0. Let y = b + k. Is y composite?
False
Suppose -2*f + 9 = f. Suppose -5*h + 4*c - 3*c + 995 = 0, -f*h = 3*c - 597. Is h composite?
False
Let n = 9 - 7. Suppose u - 3 = -5*y, -n = 2*y - 0. Suppose 84 + u = 4*z. Is z a prime number?
True
Let z(a) = a**3 - 4*a + 4. Let w(c) = c**2 + 3*c - 1. Let g = 8 + -12. Let n be w(g). Is z(n) prime?
True
Let x be (-14)/(-2) + (6 - 2) + -6. Suppose -x*n + 2*y = -1529, -y = -3*n - n + 1225. Is n composite?
False
Let f(o) = -6 - 2*o + 29*o**2 + o + 3 + 4*o. Let a be f(2). Suppose -35 = -u - 4*v, -3*u - 4*v + 6*v = -a. Is u composite?
True
Let r(g) = -4*g**2 - 9*g - 7. Let f(a) = -7*a**2 - 17*a - 13. Let m(x) = 3*f(x) - 5*r(x). Let z be m(-6). Is 895/(-2)*z/2 composite?
True
Suppose d - 5*v = -4*v + 293, d - 3*v = 301. Is d a composite number?
True
Let z be ((-10726)/31)/((-2)/(-3)*-1). Suppose -115 = -2*l + z. Is l composite?
False
Suppose 2*n - 60 = 48. Suppose n*z = 55*z - 469. Is z a prime number?
False
Let s be 5/2 + (-15)/10. Suppose x + s = 8. Suppose 0 = -2*l + 4*i + 410, 15 = 2*i - x*i. Is l prime?
True
Let b(z) = z**3 + 13*z**2 - 13*z + 18. Let o be b(-14). Let j = o - 1. Suppose n + j*n - 148 = 0. Is n a composite number?
False
Suppose -4*i = -3*v + 25206, 0 = 17*v - 12*v + 3*i - 42010. Is v composite?
True
Let v(w) = w**3 - 6*w**2 - 5*w - 9. Let h be v(7). Suppose h*r + i = 7*r - 6365, 4*i = 4*r - 12736. Is r a prime number?
True
Let y = -52 - -77. Let n be 20/y*30/4. Let i = n + -4. Is i a composite number?
False
Suppose 5*u - 4*h - 783 = 0, -12*u - 630 = -16*u + 5*h. Let a(v) = -v**2 + 9*v + 3. Let b be a(9). Suppose 2*f - u = -b*f. Is f prime?
True
Suppose 0 = 8*f - 2*f + 2490. Let a(h) = -89*h + 5. Let q be a(-9). Let p = f + q. Is p a prime number?
False
Let a(q) = -q**3 - 11*q**2 - 4*q - 3. Let y be a(-8). Suppose -z + 1124 = 3*z - 5*o, 0 = 5*z + 2*o - 1438. Let n = z + y. Is n prime?
False
Let v = 166169 + -96118. Is v a composite number?
False
Let j be 40696/12*6/4. Let u = 236 + j. Is u a prime number?
True
Let p(m) = 10*m**3 + 2*m**2 + 2*m + 7. Let q be p(6). Suppose q = 3*n - 6548. Is n a composite number?
True
Is ((-146601)/(-18) - 3/6) + 3 prime?
True
Is (-149284)/(-14) - ((-6)/(-7))/6 composite?
False
Suppose k - 17 = -2. Let y be (-5)/k + 48/9. Suppose y*l - 695 = -0*l. Is l prime?
True
Let b be 0/((-3)/(-6)*-2). Let o be -1*5*(-1 + b). Suppose 7*y - o*y - 596 = 0. Is y a composite number?
True
Suppose 4*x = -5*z + 5 - 17, z = -4*x + 4. Suppose 2*r = -w + 89, w - x*r - r = 94. Is w prime?
False
Let x = -86 + 72. Is -2 + (-20338)/x + 14/49 a prime number?
True
Let q(r) = 3*r**2 + 27*r - 2. Let d be q(-23). Let h = -391 + d. Is h a prime number?
False
Let s be (-39)/(-52) - 5/(-4). Suppose -169 - 13 = -s*f. Suppose b - f = -0*b. Is b a prime number?
False
Let k = 8 - -11. Let l = 4 - 14. Let w = k + l. Is w composite?
True
Let p = 223 - 156. Is p a composite number?
False
Suppose -3*v + v = 5*q - 25, 2*v - 28 = -2*q. Is (1*5/v)/((-1)/(-1581)) a prime number?
False
Suppose -143624 = 37*b - 446913. Is b prime?
False
Suppose -3*u - 2*u + 21935 = 0. Is u a composite number?
True
Let n = -2278 - -669. Let p = -794 - n. Is p a composite number?
True
Suppose 0 = -5*t - 2*c + 17, 2*t - 3*t = -c - 9. Suppose -677 = -t*r - 5*z + 83, 4*z = -2*r + 310. Is r prime?
True
Suppose 21 = -3*h - 9. Is (-9)/(-15) + (-2384)/h a composite number?
False
Let c(j) = -6*j - 10*j**3 + 5*j**2 + 13*j**2 - 7 - 24*j**2. Is c(-5) prime?
True
Suppose -44*o + 56785 = -39*o. Is o composite?
True
Suppose -7*c + 171 = -2552. Is c a prime number?
True
Let r(t) = 529*t + 63. Is r(4) composite?
False
Suppose -4 = -8*b + 4. Is b/((-5)/(-10)) + 87 a prime number?
True
Let b = -3 + 3. Suppose b = -3*i - 6, -d - 3*i + 1 - 13 = 0. Is (-4)/d*(-153)/(-3) prime?
False
Suppose -6*p = -4*p - 872. Let k(z) = -z + 1. Let m be k(-1). Suppose m*b - 6*b = -p. Is b a prime number?
True
Let b be (-8425)/(-30) - (-2)/12. Suppose 5*n + 477 = 4*p, 4*p + 5*n - b = 226. Is p composite?
True
Let z be (-1072)/(-208) - 4/26. Suppose -z = k, -51 = -l - 5*k + 51. Is l a prime number?
True
Let p(u) = -369*u - 4. Is p(-2) prime?
False
Suppose 0*o + 8 = 4*o. Suppose 1348 = o*q + 2*q. Is q prime?
True
Suppose 4*d - 47 = 45. Let f = -1 + d. Suppose -2*j + 97 = i + f, -5*i - 143 = -4*j. Is j a composite number?
False
Let s(f) = -650*f - 87. Is s(-2) prime?
True
Suppose -3*n = 5*p + 46575 - 129596, 5*p - 83011 = 2*n. Is p composite?
False
Suppose -4246 = -6*w + 7376. Is w prime?
False
Let q(p) = -4*p - 22. Let t be q(-7). Suppose -h + 10 = -3*h + 4*v, t = -2*h + 3*v. Suppose -h*i - 130 = -421. Is i composite?
False
Suppose -2*h - 5*x = 11, 4 = -3*h + x + 13. Suppose r - 6629 = -3*b + 5*r, -5*b = h*r - 11005. Is b a composite number?
False
Suppose 2*t = -5*v - 34, -2*t + t - 5 = v. Let f be v/(-6 - -4)*-1. Is (1150/(-15))/(f/6) composite?
True
Let t be (-4)/(-22) - 81616/(-22). Suppose -9968 = -2*s + t. Is s a composite number?
True
Let h(x) = -x + 9. Let a be h(7). Suppose 3*y - 3 = -a*b + 9, 5*b + 4 = y. Suppose b = -7*q + 4*q + 57. Is q composite?
False
Suppose 0 = 4*f - 15 - 9. Suppose -f*y + 456 + 42 = 0. Is y a prime number?
True
Let a = -127 - -1050. Is a prime?
False
Let j be (115/10)/1*12. Let g = j + -85. Is g composite?
False
Let f(s) = s**2 + s - 4. Let y be f(3). Suppose 4*q + 0*g = 4*g + 32, -4*q = 2*g - y. Let z(o) = 6*o**2 + 5*o - 1. Is z(q) prime?
False
Let i(a) = a**2 + 4*a - 2. Let w be i(-6). Suppose -n + 9 = -2*h - w, 0 = -n - 2*h + 19. Is n a composite number?
False
Suppose -14*x + 269453 = 74727. Is x a prime number?
False
Suppose -596*k + 589*k + 120113 = 0. Is k prime?
True
Let u(j) be the second derivative of -10*j**3 + 7*j**2/2 - 24*j. Is u(-18) prime?
True
Let k = 859 + 470. Is k a composite number?
True
Let d(z) = -z - 13. Let x be d(-17). Is (x/8)/(1/2174) prime?
True
Suppose m = 4*t - 4*m + 15, -2*t + 12 = 4*m. Suppose 3*j - 4*s - 2007 = t, 0*j - 3*s = -3*j + 2010. Is j a composite number?
False
Let z be ((48/15)/4)/(10/125). Suppose -z*g = -3*g - 16751. Is g prime?
True
Let n(u) = 10*u**2 + 5*u + 6. Let v(o) = -29*o**2 - 15*o - 19. Let w(h) = -11*n(h) - 4*v(h). Let m be w(-4). Let p = -53 + m. Is p prime?
False
Let c(b) = b**3 - 8*b**2 - 10*b + 9. Let q be c(9). Suppose -6*u + 8*u - 8 = q. Suppose u*g + 4*m - 302 = 538, -3*m = 5*g - 1052. Is g a composite number?
False
Suppose 0 = -3*y + 2*n + 11 + 29, -n = -4*y + 45. Suppose -t - 4*c = -7, 4*t + 5*c + 4 = y. Is (-1)/(((-3)/(-417))/t) a composite number?
False
Let p(d) = 27*d**2 - 4*d - 2. Let r(m) = -26*m**2 + 5*m + 2. Let w(h) = 3*p(h) + 2*r(h). Is w(3) a prime number?
False
Let t(m) = m**2 - 7*m - 5. Let h be t(10). Suppose 2*j - 5 = -n - 4, -h = -5*n. Is 233/j*(2 - 4) composite?
False
Suppose 0 = 4*a - 386 + 78. Is a prime?
False
Let b = 41 + -36. Suppose 2*i = 2*q + 426, -b*i + 3*q + 1662 = 601. Is i a composite number?
False
Let d be 1399 + (-1 - 1*(-1 + 0)). Suppose 2*p - d = -3*a, -p + 702 = -3*a + 2*a. Is p prime?
True
Suppose 5*f - m + 3*m - 7 = 0, -23 = -5*f + 2*m. Suppose -f*b = -b - 818. Is b a composite number?
False
Is (-1*(-27771)/2)/((-1188)/(-792)) composite?
False
Let h(q) = 2*q**3 - 27*q**2 + 8*q - 156. Is h(19) a composite number?
False
Let n = -636 + 309. Let c = n - -514. Is c prime?
False
Let a(f) = 17*f**2 - 3*f - 11. Let s be a(5). Suppose -5*d + 5896 + s = 0. Is d a composite number?
False
Suppose -4*i + 22 = 6. Let h be i/(-4)*(-1 + 1). Suppose h = -5*o - 0*o + 1445. Is o a prime number?
False
Let p(a) = -32 - 7 + 28*a + 13*a + 4*a**2 - 58*a. Is p(19) a composite number?
True
Is (1/2)/((14 - 13)/11398) prime?
False
Suppose -3*h = -5*c - 200497, 0 = h - 13*c + 11*c - 66831. Is h composite?
True
Is ((-284200)/16)/(-5) + 6/4 a prime number?
False
Let x(b) = -b**2 - 6*b - 3. Let k = 5 + -8. Let j be x(k).